{"id":157,"date":"2017-11-21T21:31:42","date_gmt":"2017-11-21T20:31:42","guid":{"rendered":"http:\/\/gestalttherapie-emdr.de\/cmswp\/?page_id=157"},"modified":"2024-04-11T21:11:07","modified_gmt":"2024-04-11T19:11:07","slug":"emdr-brainspotting-und-crm","status":"publish","type":"page","link":"https:\/\/gestalttherapie-emdr.de\/cmswp\/psychotherapie\/emdr-brainspotting-und-crm\/","title":{"rendered":"Therapie"},"content":{"rendered":"<p><img loading=\"lazy\" class=\"wp-image-939 size-full aligncenter\" src=\"http:\/\/gestalttherapie-emdr.de\/cmswp\/wp-content\/uploads\/2017\/12\/nizza-05.jpg\" alt=\"\" width=\"614\" height=\"243\" srcset=\"https:\/\/gestalttherapie-emdr.de\/cmswp\/wp-content\/uploads\/2017\/12\/nizza-05.jpg 614w, https:\/\/gestalttherapie-emdr.de\/cmswp\/wp-content\/uploads\/2017\/12\/nizza-05-300x119.jpg 300w\" sizes=\"(max-width: 614px) 100vw, 614px\" \/><strong style=\"font-size: inherit;\"><br>&nbsp; &nbsp; &nbsp; &nbsp; &nbsp; &nbsp;Wenn&nbsp;<\/strong>&nbsp; &nbsp; &nbsp; &nbsp; &nbsp; &nbsp;&nbsp;<br>&nbsp; &nbsp; &nbsp; &nbsp; &nbsp; &nbsp;<strong> &#8211;&nbsp; \u00c4ngste, Zw\u00e4nge oder Phobien<\/strong> Ihr Leben einengen<br>&nbsp; &nbsp; &nbsp; &nbsp; &nbsp; &nbsp; &#8211;&nbsp; Sie st\u00e4ndig <strong>Aufgaben oder Entscheidungen verz\u00f6gern oder aufschieben<\/strong><br>&nbsp; &nbsp; &nbsp; &nbsp; &nbsp; &nbsp; &#8211;&nbsp;<strong> depressive Gef\u00fchle<\/strong> Ihren Alltag verdunkeln<br>&nbsp; &nbsp; &nbsp; &nbsp; &nbsp; &nbsp; &#8211;&nbsp; immer wieder Erinnerungen an <strong>traumatische Erlebnisse&nbsp;<\/strong><br>&nbsp; &nbsp; &nbsp; &nbsp; &nbsp; &nbsp; &nbsp; &nbsp;auftauchen<br>&nbsp; &nbsp; &nbsp; &nbsp; &nbsp; &nbsp; &#8211;&nbsp; <strong>Bindungsst\u00f6rungen oder Leistungsblockaden<\/strong> auftreten<br>&nbsp; &nbsp; &nbsp; &nbsp; &nbsp; &nbsp; &#8211;&nbsp; <strong>tiefe Trauer&nbsp; \u00fcber Trennung oder Verlust<\/strong> Sie gefangen h\u00e4lt <br>&nbsp; &nbsp; &nbsp; &nbsp; &nbsp; &nbsp; &#8211;&nbsp; oder Sie<strong> sich einfach nur ungl\u00fccklich f\u00fchlen<\/strong> und keinen Sinn<br>&nbsp; &nbsp; &nbsp; &nbsp; &nbsp; &nbsp; &nbsp; &nbsp;mehr in Ihrem Leben sehen,<\/p>\n<p>&nbsp; &nbsp; &nbsp; &nbsp; &nbsp; &nbsp; &nbsp;dann<strong style=\"font-size: inherit;\"> biete ich Ihnen meine Hilfe an.<\/strong><\/p>\n<p style=\"text-align: left;\">&nbsp; &nbsp; &nbsp; &nbsp; &nbsp; &nbsp; &nbsp;<strong>Gestalttherapie &#8211; EMDR &#8211; Bainspotting &#8211; CRM &#8211; Hypnotherapie <\/strong>und<strong> Yager-Code<\/strong><br>&nbsp; &nbsp; &nbsp; &nbsp; &nbsp; &nbsp; &nbsp;sind vor allem <strong>die Methoden,<\/strong> <br>&nbsp; &nbsp; &nbsp; &nbsp; &nbsp; &nbsp; &nbsp;mit denen ich seit vielen Jahren <strong>als Therapeut&nbsp; und Coach<\/strong> arbeite.&nbsp; &nbsp;<\/p>\n<p>&nbsp; &nbsp; &nbsp; &nbsp; &nbsp; &nbsp; &nbsp;Mit ihrer Hilfe ist es&nbsp; <strong>m\u00f6glich,<\/strong><br>&nbsp; &nbsp; &nbsp; &nbsp; &nbsp;<strong>&nbsp; &nbsp; &nbsp;&#8211;&nbsp; sich von alten Lasten zu befreien<br>&nbsp; &nbsp; &nbsp; &nbsp; &nbsp; &nbsp; &nbsp; &#8211;&nbsp; zu sich selbst zu finden<br><\/strong><strong>&nbsp; &nbsp; &nbsp; &nbsp; &nbsp; &nbsp; &nbsp;<\/strong><strong>und wieder sein eigenes&nbsp; Leben in die Hand zu nehmen.&nbsp;<\/strong><\/p>\n<p><strong>&nbsp;<br>&nbsp; &nbsp; &nbsp; &nbsp; &nbsp; &nbsp;<\/strong><strong>&nbsp;&nbsp;<\/strong><strong><img loading=\"lazy\" class=\"alignnone size-full wp-image-524\" src=\"http:\/\/gestalttherapie-emdr.de\/cmswp\/wp-content\/uploads\/2017\/11\/hr_article.png\" alt=\"\" width=\"614\" height=\"19\" srcset=\"https:\/\/gestalttherapie-emdr.de\/cmswp\/wp-content\/uploads\/2017\/11\/hr_article.png 614w, https:\/\/gestalttherapie-emdr.de\/cmswp\/wp-content\/uploads\/2017\/11\/hr_article-300x9.png 300w\" sizes=\"(max-width: 614px) 100vw, 614px\" \/><\/strong><\/p>\n\n\n<p><br><\/p>\n\n\n\n<p><\/p>\n","protected":false},"excerpt":{"rendered":"<p>&nbsp; &nbsp; &nbsp; &nbsp; &nbsp; &nbsp;Wenn&nbsp;&nbsp; &nbsp; &nbsp; &nbsp; &nbsp; &nbsp;&nbsp;&nbsp; &nbsp; &nbsp; &nbsp; &nbsp; &nbsp; &#8211;&nbsp; \u00c4ngste, Zw\u00e4nge oder Phobien Ihr Leben einengen&nbsp; &nbsp; &nbsp; &nbsp; &nbsp; &nbsp; &#8211;&nbsp; Sie st\u00e4ndig Aufgaben oder Entscheidungen verz\u00f6gern oder aufschieben&nbsp; &nbsp; &nbsp; &nbsp; &nbsp; &nbsp; &#8211;&nbsp; depressive Gef\u00fchle Ihren Alltag verdunkeln&nbsp; &nbsp; &nbsp; &nbsp; &nbsp; &nbsp; &#8211;&nbsp; [&hellip;]<\/p>\n","protected":false},"author":1,"featured_media":0,"parent":132,"menu_order":2,"comment_status":"closed","ping_status":"closed","template":"","meta":[],"_links":{"self":[{"href":"https:\/\/gestalttherapie-emdr.de\/cmswp\/wp-json\/wp\/v2\/pages\/157"}],"collection":[{"href":"https:\/\/gestalttherapie-emdr.de\/cmswp\/wp-json\/wp\/v2\/pages"}],"about":[{"href":"https:\/\/gestalttherapie-emdr.de\/cmswp\/wp-json\/wp\/v2\/types\/page"}],"author":[{"embeddable":true,"href":"https:\/\/gestalttherapie-emdr.de\/cmswp\/wp-json\/wp\/v2\/users\/1"}],"replies":[{"embeddable":true,"href":"https:\/\/gestalttherapie-emdr.de\/cmswp\/wp-json\/wp\/v2\/comments?post=157"}],"version-history":[{"count":206,"href":"https:\/\/gestalttherapie-emdr.de\/cmswp\/wp-json\/wp\/v2\/pages\/157\/revisions"}],"predecessor-version":[{"id":1761,"href":"https:\/\/gestalttherapie-emdr.de\/cmswp\/wp-json\/wp\/v2\/pages\/157\/revisions\/1761"}],"up":[{"embeddable":true,"href":"https:\/\/gestalttherapie-emdr.de\/cmswp\/wp-json\/wp\/v2\/pages\/132"}],"wp:attachment":[{"href":"https:\/\/gestalttherapie-emdr.de\/cmswp\/wp-json\/wp\/v2\/media?parent=157"}],"curies":[{"name":"wp","href":"https:\/\/api.w.org\/{rel}","templated":true}]}}