{"id":148,"date":"2017-11-21T19:31:58","date_gmt":"2017-11-21T18:31:58","guid":{"rendered":"http:\/\/gestalttherapie-emdr.de\/cmswp\/?page_id=148"},"modified":"2023-01-19T18:21:06","modified_gmt":"2023-01-19T17:21:06","slug":"coaching","status":"publish","type":"page","link":"https:\/\/gestalttherapie-emdr.de\/cmswp\/coaching\/","title":{"rendered":"Coaching"},"content":{"rendered":"<div id=\"inhalt_txt\">\n<p><img loading=\"lazy\" class=\"alignnone wp-image-918 size-full\" src=\"http:\/\/gestalttherapie-emdr.de\/cmswp\/wp-content\/uploads\/2017\/12\/coaching_bank.jpg\" alt=\"\" width=\"614\" height=\"300\" srcset=\"https:\/\/gestalttherapie-emdr.de\/cmswp\/wp-content\/uploads\/2017\/12\/coaching_bank.jpg 614w, https:\/\/gestalttherapie-emdr.de\/cmswp\/wp-content\/uploads\/2017\/12\/coaching_bank-300x147.jpg 300w\" sizes=\"(max-width: 614px) 100vw, 614px\" \/><\/p>\n<h4><strong>Als Coach<\/strong><\/h4>\n<p>biete ich Hilfe an<br \/>\nvor allem be<strong>i konkreten Problemen und Fragen,<\/strong><br \/>\ndie sich im im privaten oder beruflichen Umfeld stellen.<\/p>\n<p>Solche Fragen k\u00f6nnen zum Beispiel sein:<\/p>\n<p><strong>Wie kann ich<\/strong><\/p>\n<ul>\n<li>mich <strong>st\u00e4rker abgrenzen<\/strong> gegen Anspr\u00fcche Anderer<\/li>\n<li>erreichen, dass ich <strong>besser wahrgenommen<\/strong> werde<\/li>\n<li>mich <strong>bei Konflikten konstruktiv<\/strong> verhalten<\/li>\n<li>mich <strong>gegen Mobbing<\/strong> wehren<\/li>\n<li>meine<strong> Kommunikation verbessern<\/strong><\/li>\n<li>(wieder) <strong>Freude an meiner Arbeit<\/strong> finden<\/li>\n<li>mich <strong>vor Burn-Out sch\u00fctzen.<\/strong><\/li>\n<\/ul>\n<p>Auch im Coaching arbeite ich mit<strong><br \/>\nGestalttherapie, EMDR, Brainspotting, CRM, Hypnotherapie und Yager-Code.<\/strong><\/p>\n<h4><img loading=\"lazy\" class=\"alignnone size-full wp-image-524\" src=\"http:\/\/gestalttherapie-emdr.de\/cmswp\/wp-content\/uploads\/2017\/11\/hr_article.png\" alt=\"\" width=\"614\" height=\"19\" srcset=\"https:\/\/gestalttherapie-emdr.de\/cmswp\/wp-content\/uploads\/2017\/11\/hr_article.png 614w, https:\/\/gestalttherapie-emdr.de\/cmswp\/wp-content\/uploads\/2017\/11\/hr_article-300x9.png 300w\" sizes=\"(max-width: 614px) 100vw, 614px\" \/><\/h4>\n<\/div>\n","protected":false},"excerpt":{"rendered":"<p>Als Coach biete ich Hilfe an vor allem bei konkreten Problemen und Fragen, die sich im im privaten oder beruflichen Umfeld stellen. Solche Fragen k\u00f6nnen zum Beispiel sein: Wie kann ich mich st\u00e4rker abgrenzen gegen Anspr\u00fcche Anderer erreichen, dass ich besser wahrgenommen werde mich bei Konflikten konstruktiv verhalten mich gegen Mobbing wehren meine Kommunikation verbessern [&hellip;]<\/p>\n","protected":false},"author":1,"featured_media":0,"parent":0,"menu_order":0,"comment_status":"closed","ping_status":"closed","template":"","meta":[],"_links":{"self":[{"href":"https:\/\/gestalttherapie-emdr.de\/cmswp\/wp-json\/wp\/v2\/pages\/148"}],"collection":[{"href":"https:\/\/gestalttherapie-emdr.de\/cmswp\/wp-json\/wp\/v2\/pages"}],"about":[{"href":"https:\/\/gestalttherapie-emdr.de\/cmswp\/wp-json\/wp\/v2\/types\/page"}],"author":[{"embeddable":true,"href":"https:\/\/gestalttherapie-emdr.de\/cmswp\/wp-json\/wp\/v2\/users\/1"}],"replies":[{"embeddable":true,"href":"https:\/\/gestalttherapie-emdr.de\/cmswp\/wp-json\/wp\/v2\/comments?post=148"}],"version-history":[{"count":63,"href":"https:\/\/gestalttherapie-emdr.de\/cmswp\/wp-json\/wp\/v2\/pages\/148\/revisions"}],"predecessor-version":[{"id":1725,"href":"https:\/\/gestalttherapie-emdr.de\/cmswp\/wp-json\/wp\/v2\/pages\/148\/revisions\/1725"}],"wp:attachment":[{"href":"https:\/\/gestalttherapie-emdr.de\/cmswp\/wp-json\/wp\/v2\/media?parent=148"}],"curies":[{"name":"wp","href":"https:\/\/api.w.org\/{rel}","templated":true}]}}

<div id="inhalt_txt">
<p><img loading="lazy" class="alignnone wp-image-918 size-full" src="http://gestalttherapie-emdr.de/cmswp/wp-content/uploads/2017/12/coaching_bank.jpg" alt="" width="614" height="300" srcset="https://gestalttherapie-emdr.de/cmswp/wp-content/uploads/2017/12/coaching_bank.jpg 614w, https://gestalttherapie-emdr.de/cmswp/wp-content/uploads/2017/12/coaching_bank-300x147.jpg 300w" sizes="(max-width: 614px) 100vw, 614px" /></p>
<h4><strong>Als Coach</strong></h4>
<p>biete ich Hilfe an<br />
vor allem be<strong>i konkreten Problemen und Fragen,</strong><br />
die sich im im privaten oder beruflichen Umfeld stellen.</p>
<p>Solche Fragen können zum Beispiel sein:</p>
<p><strong>Wie kann ich</strong></p>
<ul>
<li>mich <strong>stärker abgrenzen</strong> gegen Ansprüche Anderer</li>
<li>erreichen, dass ich <strong>besser wahrgenommen</strong> werde</li>
<li>mich <strong>bei Konflikten konstruktiv</strong> verhalten</li>
<li>mich <strong>gegen Mobbing</strong> wehren</li>
<li>meine<strong> Kommunikation verbessern</strong></li>
<li>(wieder) <strong>Freude an meiner Arbeit</strong> finden</li>
<li>mich <strong>vor Burn-Out schützen.</strong></li>
</ul>
<p>Auch im Coaching arbeite ich mit<strong><br />
Gestalttherapie, EMDR, Brainspotting, CRM, Hypnotherapie und Yager-Code.</strong></p>
<h4><img loading="lazy" class="alignnone size-full wp-image-524" src="http://gestalttherapie-emdr.de/cmswp/wp-content/uploads/2017/11/hr_article.png" alt="" width="614" height="19" srcset="https://gestalttherapie-emdr.de/cmswp/wp-content/uploads/2017/11/hr_article.png 614w, https://gestalttherapie-emdr.de/cmswp/wp-content/uploads/2017/11/hr_article-300x9.png 300w" sizes="(max-width: 614px) 100vw, 614px" /></h4>
</div>

<p>Als Coach biete ich Hilfe an vor allem bei konkreten Problemen und Fragen, die sich im im privaten oder beruflichen Umfeld stellen. Solche Fragen können zum Beispiel sein: Wie kann ich mich stärker abgrenzen gegen Ansprüche Anderer erreichen, dass ich besser wahrgenommen werde mich bei Konflikten konstruktiv verhalten mich gegen Mobbing wehren meine Kommunikation verbessern [&hellip;]</p>
